{"id":1932,"date":"2021-07-29T12:54:06","date_gmt":"2021-07-29T10:54:06","guid":{"rendered":"https:\/\/lescopainsdubord.fr\/?page_id=1932"},"modified":"2021-12-26T18:48:43","modified_gmt":"2021-12-26T17:48:43","slug":"videos-2021","status":"publish","type":"page","link":"https:\/\/lescopainsdubord.fr\/?page_id=1932","title":{"rendered":"Vid\u00e9os 2021"},"content":{"rendered":"\n<p><strong>Juin<\/strong><\/p>\n\n\n\n<p>A Muzillac dans le Morbihan (56) au restaurant \u00ab\u00a0A la porte du golfe\u00a0\u00bb :<\/p>\n\n\n\n<ul class=\"wp-block-list\"><li><a href=\"https:\/\/youtu.be\/qAJ6JvdzrwA\">Les penn sardinn<\/a><\/li><li><a href=\"https:\/\/youtu.be\/UzK8x4_XIPI\">Le navire du forban<\/a><\/li><\/ul>\n\n\n\n<p>A La Trinit\u00e9 sur Mer dans le Morbihan (56) pour le passage du Tour de France :<\/p>\n\n\n\n<ul class=\"wp-block-list\"><li><a href=\"https:\/\/youtu.be\/-a6XWA068O0\">L&rsquo;Olonnois<\/a><\/li><\/ul>\n\n\n\n<p><strong>Juillet<\/strong><\/p>\n\n\n\n<p>A La Trinit\u00e9 sur Mer dans la Morbihan (56) pendant la d\u00e9gustation des huitres :<\/p>\n\n\n\n<ul class=\"wp-block-list\"><li><a href=\"https:\/\/youtu.be\/IjzXcqlVBCQ\">Le peuple irlandais<\/a><\/li><\/ul>\n\n\n\n<p>A La Trinit\u00e9 sur Mer dans la Morbihan (56) lors de l&rsquo;inauguration de l&rsquo;espace culturel de la salle Vigie :<\/p>\n\n\n\n<ul class=\"wp-block-list\"><li><a href=\"https:\/\/youtu.be\/kqMhov9lTfY\">La for\u00eat sur la rade<\/a><\/li><li><a href=\"https:\/\/youtu.be\/6FVwiJiYe2A\">Madeleine de Loctudy<\/a><\/li><\/ul>\n\n\n\n<p>A La Trinit\u00e9 sur Mer dans le Morbihan (56) lors des mercredis du port avec Le Bagad de Lann-bihou\u00e9 :<\/p>\n\n\n\n<ul class=\"wp-block-list\"><li><a href=\"https:\/\/youtu.be\/sJB67KQTpA8\">La ballade Nord-Irlandaise<\/a><\/li><\/ul>\n\n\n\n<p>A Iffendic dans l&rsquo;Ile et Vilaine (35) pour le Comit\u00e9 des F\u00eates :<\/p>\n\n\n\n<ul class=\"wp-block-list\"><li><a href=\"https:\/\/youtu.be\/C8qRg7O_MkU\">Petit Jean<\/a><\/li><\/ul>\n\n\n\n<p><strong>D\u00e9cembre<\/strong><\/p>\n\n\n\n<p>A Plouharnel dans le Morbihan (56) pour le T\u00e9l\u00e9thon :<\/p>\n\n\n\n<ul class=\"wp-block-list\"><li><a href=\"https:\/\/youtu.be\/F86SVgkisAc\">Fanny de Laninon<\/a><\/li><li><a href=\"https:\/\/youtu.be\/yGLDoPGOvgg\">Santiano<\/a><\/li><li><a href=\"https:\/\/youtu.be\/_S9dMql6Z5o\">La r\u00e9volte des sardini\u00e8res<\/a><\/li><\/ul>\n\n\n\n<p><\/p>\n","protected":false},"excerpt":{"rendered":"<p>Juin A Muzillac dans le Morbihan (56) au restaurant \u00ab\u00a0A la porte du golfe\u00a0\u00bb : Les penn sardinn Le navire du forban A La Trinit\u00e9 sur Mer dans le Morbihan (56) pour le passage du Tour de France : L&rsquo;Olonnois Juillet A La Trinit\u00e9 sur Mer dans la Morbihan (56) pendant la d\u00e9gustation des huitres &hellip; <a href=\"https:\/\/lescopainsdubord.fr\/?page_id=1932\" class=\"more-link\">Continuer la lecture<span class=\"screen-reader-text\"> de &laquo;&nbsp;Vid\u00e9os 2021&nbsp;&raquo;<\/span><\/a><\/p>\n","protected":false},"author":2,"featured_media":0,"parent":0,"menu_order":0,"comment_status":"closed","ping_status":"closed","template":"","meta":{"footnotes":""},"class_list":["post-1932","page","type-page","status-publish","hentry"],"_links":{"self":[{"href":"https:\/\/lescopainsdubord.fr\/index.php?rest_route=\/wp\/v2\/pages\/1932","targetHints":{"allow":["GET"]}}],"collection":[{"href":"https:\/\/lescopainsdubord.fr\/index.php?rest_route=\/wp\/v2\/pages"}],"about":[{"href":"https:\/\/lescopainsdubord.fr\/index.php?rest_route=\/wp\/v2\/types\/page"}],"author":[{"embeddable":true,"href":"https:\/\/lescopainsdubord.fr\/index.php?rest_route=\/wp\/v2\/users\/2"}],"replies":[{"embeddable":true,"href":"https:\/\/lescopainsdubord.fr\/index.php?rest_route=%2Fwp%2Fv2%2Fcomments&post=1932"}],"version-history":[{"count":19,"href":"https:\/\/lescopainsdubord.fr\/index.php?rest_route=\/wp\/v2\/pages\/1932\/revisions"}],"predecessor-version":[{"id":2103,"href":"https:\/\/lescopainsdubord.fr\/index.php?rest_route=\/wp\/v2\/pages\/1932\/revisions\/2103"}],"wp:attachment":[{"href":"https:\/\/lescopainsdubord.fr\/index.php?rest_route=%2Fwp%2Fv2%2Fmedia&parent=1932"}],"curies":[{"name":"wp","href":"https:\/\/api.w.org\/{rel}","templated":true}]}}