{"id":1358,"date":"2020-11-07T17:31:15","date_gmt":"2020-11-07T16:31:15","guid":{"rendered":"https:\/\/lescopainsdubord.fr\/?page_id=1358"},"modified":"2022-01-23T18:51:16","modified_gmt":"2022-01-23T17:51:16","slug":"santiano","status":"publish","type":"page","link":"https:\/\/lescopainsdubord.fr\/?page_id=1358","title":{"rendered":"SANTIANO"},"content":{"rendered":"\n<div class=\"wp-block-image\"><figure class=\"aligncenter size-large\"><img loading=\"lazy\" decoding=\"async\" width=\"519\" height=\"111\" src=\"https:\/\/lescopainsdubord.fr\/wp-content\/uploads\/2020\/11\/boam3u49.gif\" alt=\"\" class=\"wp-image-1152\"\/><\/figure><\/div>\n\n\n\n<div class=\"wp-block-buttons is-layout-flex wp-block-buttons-is-layout-flex\">\n<div class=\"wp-block-button\"><a class=\"wp-block-button__link\" href=\"https:\/\/lescopainsdubord.fr\/?p=1(ouvre un nouvel onglet)\">retour accueil<\/a><\/div>\n\n\n\n<div class=\"wp-block-button\"><a class=\"wp-block-button__link\" href=\"https:\/\/lescopainsdubord.fr\/?page_id=1163(ouvre un nouvel onglet)\">retour liste<\/a><\/div>\n<\/div>\n\n\n\n<p class=\"has-text-align-center has-normal-font-size\"><strong>SANTIANO<\/strong><strong><\/strong><\/p>\n\n\n\n<p class=\"has-text-align-center has-small-font-size\"><strong>Refrain<\/strong><strong><\/strong><\/p>\n\n\n\n<p class=\"has-text-align-center has-small-font-size\"><strong>TIENS BON LA VAGUE ET TIENS BON LE VENT<\/strong><\/p>\n\n\n\n<p class=\"has-text-align-center has-small-font-size\"><strong>HISSE ET HO, SANTIANO<\/strong><\/p>\n\n\n\n<p class=\"has-text-align-center has-small-font-size\"><strong>SI DIEU VEUT, TOUJOURS DROIT DEVANT<\/strong><\/p>\n\n\n\n<p class=\"has-text-align-center has-small-font-size\"><strong>NOUS IRONS JUSQU&rsquo;\u00c0 SAN FRANCISCO<\/strong><\/p>\n\n\n\n<p class=\"has-text-align-center has-small-font-size\"><strong>1<\/strong><\/p>\n\n\n\n<p class=\"has-text-align-center has-small-font-size\">C&rsquo;EST UN FAMEUX TROIS-MATS, FIN COMME UN OISEAU<\/p>\n\n\n\n<p class=\"has-text-align-center has-small-font-size\">HISSE ET HO, SANTIANO<\/p>\n\n\n\n<p class=\"has-text-align-center has-small-font-size\">DIX-HUIT N\u0152UDS, QUATRE CENTS TONNEAUX<\/p>\n\n\n\n<p class=\"has-text-align-center has-small-font-size\">JE SUIS FIER D&rsquo;Y \u00caTRE MATELOT<\/p>\n\n\n\n<p class=\"has-text-align-center has-small-font-size\"><strong>2<\/strong><\/p>\n\n\n\n<p class=\"has-text-align-center has-small-font-size\">JE PARS POUR DE LONGS MOIS, EN LAISSANT MARGOT<\/p>\n\n\n\n<p class=\"has-text-align-center has-small-font-size\">HISSE ET HO, SANTIANO<\/p>\n\n\n\n<p class=\"has-text-align-center has-small-font-size\">D&rsquo;Y PENSER, J&rsquo;EN AI LE C\u0152UR GROS<\/p>\n\n\n\n<p class=\"has-text-align-center has-small-font-size\">EN DOUBLANT LES FEUX DE SAINT-MALO<\/p>\n\n\n\n<p class=\"has-text-align-center has-small-font-size\"><strong>3<\/strong><\/p>\n\n\n\n<p class=\"has-text-align-center has-small-font-size\">ON PR\u00c9TEND QUE LA-BAS, L&rsquo;ARGENT COULE \u00c0 FLOTS<\/p>\n\n\n\n<p class=\"has-text-align-center has-small-font-size\">HISSE ET HO, SANTIANO<\/p>\n\n\n\n<p class=\"has-text-align-center has-small-font-size\">ON TROUVE L&rsquo;OR, AU FOND DES RUISSEAUX<\/p>\n\n\n\n<p class=\"has-text-align-center has-small-font-size\">J&rsquo;EN RAM\u00c8NERAI PLUSIEURS LINGOTS<\/p>\n\n\n\n<p class=\"has-text-align-center has-small-font-size\"><strong>4<\/strong><\/p>\n\n\n\n<p class=\"has-text-align-center has-small-font-size\">UN JOUR JE REVIENDRAI, CHARG\u00c9 DE CADEAUX<\/p>\n\n\n\n<p class=\"has-text-align-center has-small-font-size\">HISSE ET HO, SANTIANO<strong><\/strong><\/p>\n\n\n\n<p class=\"has-text-align-center has-small-font-size\">AU PAYS, J&rsquo;IRAI VOIR MARGOT<strong><\/strong><\/p>\n\n\n\n<p class=\"has-text-align-center has-small-font-size\">\u00c0 SON DOIGT, JE PASSERAI L&rsquo;ANNEAU<\/p>\n\n\n\n<p class=\"has-text-align-center has-small-font-size\"><strong>Refrain final<\/strong><\/p>\n\n\n\n<p class=\"has-text-align-center has-small-font-size\"><strong>TIENS BON LE CAP ET TIENS BON LE FLOT<\/strong><\/p>\n\n\n\n<p class=\"has-text-align-center has-small-font-size\"><strong>HISSE ET HO, SANTIANO<\/strong><\/p>\n\n\n\n<p class=\"has-text-align-center has-small-font-size\"><strong>SUR LA MER QUI FAIT LE GROS DOS<\/strong><\/p>\n\n\n\n<p class=\"has-text-align-center has-small-font-size\"><strong>NOUS IRONS JUSQU&rsquo;\u00c0 SAN FRANCISCO<\/strong><\/p>\n","protected":false},"excerpt":{"rendered":"<p>SANTIANO Refrain TIENS BON LA VAGUE ET TIENS BON LE VENT HISSE ET HO, SANTIANO SI DIEU VEUT, TOUJOURS DROIT DEVANT NOUS IRONS JUSQU&rsquo;\u00c0 SAN FRANCISCO 1 C&rsquo;EST UN FAMEUX TROIS-MATS, FIN COMME UN OISEAU HISSE ET HO, SANTIANO DIX-HUIT N\u0152UDS, QUATRE CENTS TONNEAUX JE SUIS FIER D&rsquo;Y \u00caTRE MATELOT 2 JE PARS POUR DE &hellip; <a href=\"https:\/\/lescopainsdubord.fr\/?page_id=1358\" class=\"more-link\">Continuer la lecture<span class=\"screen-reader-text\"> de &laquo;&nbsp;SANTIANO&nbsp;&raquo;<\/span><\/a><\/p>\n","protected":false},"author":2,"featured_media":0,"parent":0,"menu_order":0,"comment_status":"closed","ping_status":"closed","template":"elementor_canvas","meta":{"footnotes":""},"class_list":["post-1358","page","type-page","status-publish","hentry"],"_links":{"self":[{"href":"https:\/\/lescopainsdubord.fr\/index.php?rest_route=\/wp\/v2\/pages\/1358","targetHints":{"allow":["GET"]}}],"collection":[{"href":"https:\/\/lescopainsdubord.fr\/index.php?rest_route=\/wp\/v2\/pages"}],"about":[{"href":"https:\/\/lescopainsdubord.fr\/index.php?rest_route=\/wp\/v2\/types\/page"}],"author":[{"embeddable":true,"href":"https:\/\/lescopainsdubord.fr\/index.php?rest_route=\/wp\/v2\/users\/2"}],"replies":[{"embeddable":true,"href":"https:\/\/lescopainsdubord.fr\/index.php?rest_route=%2Fwp%2Fv2%2Fcomments&post=1358"}],"version-history":[{"count":9,"href":"https:\/\/lescopainsdubord.fr\/index.php?rest_route=\/wp\/v2\/pages\/1358\/revisions"}],"predecessor-version":[{"id":2235,"href":"https:\/\/lescopainsdubord.fr\/index.php?rest_route=\/wp\/v2\/pages\/1358\/revisions\/2235"}],"wp:attachment":[{"href":"https:\/\/lescopainsdubord.fr\/index.php?rest_route=%2Fwp%2Fv2%2Fmedia&parent=1358"}],"curies":[{"name":"wp","href":"https:\/\/api.w.org\/{rel}","templated":true}]}}