{"id":1333,"date":"2020-11-07T17:30:30","date_gmt":"2020-11-07T16:30:30","guid":{"rendered":"https:\/\/lescopainsdubord.fr\/?page_id=1333"},"modified":"2022-01-23T18:38:49","modified_gmt":"2022-01-23T17:38:49","slug":"quinze-marins","status":"publish","type":"page","link":"https:\/\/lescopainsdubord.fr\/?page_id=1333","title":{"rendered":"QUINZE MARINS"},"content":{"rendered":"\n<div class=\"wp-block-image\"><figure class=\"aligncenter size-large\"><img loading=\"lazy\" decoding=\"async\" width=\"519\" height=\"111\" src=\"https:\/\/lescopainsdubord.fr\/wp-content\/uploads\/2020\/11\/boam3u49.gif\" alt=\"\" class=\"wp-image-1152\"\/><\/figure><\/div>\n\n\n\n<div class=\"wp-block-buttons is-layout-flex wp-block-buttons-is-layout-flex\">\n<div class=\"wp-block-button\"><a class=\"wp-block-button__link\" href=\"https:\/\/lescopainsdubord.fr\/?p=1\">retour accueil<\/a><\/div>\n\n\n\n<div class=\"wp-block-button\"><a class=\"wp-block-button__link\" href=\"https:\/\/lescopainsdubord.fr\/?page_id=1163(ouvre un nouvel onglet)\">retour liste<\/a><\/div>\n<\/div>\n\n\n\n<p class=\"has-text-align-center has-normal-font-size\"><strong>QUINZE MARINS<\/strong><\/p>\n\n\n\n<p class=\"has-text-align-center has-small-font-size\"><strong>Refrain<\/strong><\/p>\n\n\n\n<p class=\"has-text-align-center has-small-font-size\"><strong>QUINZE MARINS SUR LE BAHUT DU MORT,<\/strong><\/p>\n\n\n\n<p class=\"has-text-align-center has-small-font-size\"><strong>YOP&nbsp;! LA HAUT UNE BOUTEILLE DE RHUM.<\/strong><\/p>\n\n\n\n<p class=\"has-text-align-center has-small-font-size\"><strong>\u00c0 BOIRE ET LE DIABLE AVAIT R\u00c9GL\u00c9 LEUR SORT,<\/strong><\/p>\n\n\n\n<p class=\"has-text-align-center has-small-font-size\"><strong>YOP&nbsp;! LA HAUT UNE BOUTEILLE DE RHUM.<\/strong><\/p>\n\n\n\n<p class=\"has-text-align-center has-small-font-size\"><strong>1<\/strong><\/p>\n\n\n\n<p class=\"has-text-align-center has-small-font-size\">LONG JOHN SILVER A PRIS LE COMMANDEMENT,<\/p>\n\n\n\n<p class=\"has-text-align-center has-small-font-size\">DES MARINS ET VOGUE LA GAL\u00c8RE&nbsp;!<\/p>\n\n\n\n<p class=\"has-text-align-center has-small-font-size\">IL TIENT SES HOMMES COMME IL TIENT LE VENT,<\/p>\n\n\n\n<p class=\"has-text-align-center has-small-font-size\">TOUT LE MONDE A PEUR DE LONG JOHN SILVER&nbsp;!<\/p>\n\n\n\n<p class=\"has-text-align-center has-small-font-size\"><strong>2<\/strong><\/p>\n\n\n\n<p class=\"has-text-align-center has-small-font-size\">C\u2019EST BILL LE SECOND DU CORSAIRE,<\/p>\n\n\n\n<p class=\"has-text-align-center has-small-font-size\">LE CAPITAINE FLINT EN COL\u00c8RE,<\/p>\n\n\n\n<p class=\"has-text-align-center has-small-font-size\">EST DESCENDU DU ROYAUME DES MORTS,<\/p>\n\n\n\n<p class=\"has-text-align-center has-small-font-size\">POUR HANTER LA CACHE AU TR\u00c9SOR.<\/p>\n\n\n\n<p class=\"has-text-align-center has-small-font-size\"><strong>3<\/strong><\/p>\n\n\n\n<p class=\"has-text-align-center has-small-font-size\">ESSAI UN PEU DE LE CONTRE CARRER,<\/p>\n\n\n\n<p class=\"has-text-align-center has-small-font-size\">ET TU IRAS O\u00d9 TANT D\u2019AUTRES SONT ALL\u00c9S,<\/p>\n\n\n\n<p class=\"has-text-align-center has-small-font-size\">QUELQUES UNS AUX VERGUES ET QUELQUES UNS PAR DESSUS BORD,<\/p>\n\n\n\n<p class=\"has-text-align-center has-small-font-size\">TOUT LE MONDE POUR NOURRIR LES POISSONS D\u2019ABORD&nbsp;!<\/p>\n\n\n\n<p class=\"has-text-align-center has-small-font-size\"><strong>4<\/strong><\/p>\n\n\n\n<p class=\"has-text-align-center has-small-font-size\">TOUS VONT FINIR PAR DANSER LA GIGUE,<\/p>\n\n\n\n<p class=\"has-text-align-center has-small-font-size\">LA CORDE AU COU ET AUX PIEDS DES PENDUS,<\/p>\n\n\n\n<p class=\"has-text-align-center has-small-font-size\">TOI LE JEUNE FOREST ET TOI LE JEUNE MERRIG,<\/p>\n\n\n\n<p class=\"has-text-align-center has-small-font-size\">SI PR\u00c8S DU GIBET QUE J\u2019EN AI LE COU TORDU.<\/p>\n","protected":false},"excerpt":{"rendered":"<p>QUINZE MARINS Refrain QUINZE MARINS SUR LE BAHUT DU MORT, YOP&nbsp;! LA HAUT UNE BOUTEILLE DE RHUM. \u00c0 BOIRE ET LE DIABLE AVAIT R\u00c9GL\u00c9 LEUR SORT, YOP&nbsp;! LA HAUT UNE BOUTEILLE DE RHUM. 1 LONG JOHN SILVER A PRIS LE COMMANDEMENT, DES MARINS ET VOGUE LA GAL\u00c8RE&nbsp;! IL TIENT SES HOMMES COMME IL TIENT LE &hellip; <a href=\"https:\/\/lescopainsdubord.fr\/?page_id=1333\" class=\"more-link\">Continuer la lecture<span class=\"screen-reader-text\"> de &laquo;&nbsp;QUINZE MARINS&nbsp;&raquo;<\/span><\/a><\/p>\n","protected":false},"author":2,"featured_media":0,"parent":0,"menu_order":0,"comment_status":"closed","ping_status":"closed","template":"elementor_canvas","meta":{"footnotes":""},"class_list":["post-1333","page","type-page","status-publish","hentry"],"_links":{"self":[{"href":"https:\/\/lescopainsdubord.fr\/index.php?rest_route=\/wp\/v2\/pages\/1333","targetHints":{"allow":["GET"]}}],"collection":[{"href":"https:\/\/lescopainsdubord.fr\/index.php?rest_route=\/wp\/v2\/pages"}],"about":[{"href":"https:\/\/lescopainsdubord.fr\/index.php?rest_route=\/wp\/v2\/types\/page"}],"author":[{"embeddable":true,"href":"https:\/\/lescopainsdubord.fr\/index.php?rest_route=\/wp\/v2\/users\/2"}],"replies":[{"embeddable":true,"href":"https:\/\/lescopainsdubord.fr\/index.php?rest_route=%2Fwp%2Fv2%2Fcomments&post=1333"}],"version-history":[{"count":8,"href":"https:\/\/lescopainsdubord.fr\/index.php?rest_route=\/wp\/v2\/pages\/1333\/revisions"}],"predecessor-version":[{"id":2229,"href":"https:\/\/lescopainsdubord.fr\/index.php?rest_route=\/wp\/v2\/pages\/1333\/revisions\/2229"}],"wp:attachment":[{"href":"https:\/\/lescopainsdubord.fr\/index.php?rest_route=%2Fwp%2Fv2%2Fmedia&parent=1333"}],"curies":[{"name":"wp","href":"https:\/\/api.w.org\/{rel}","templated":true}]}}