{"id":1246,"date":"2020-11-07T10:03:03","date_gmt":"2020-11-07T09:03:03","guid":{"rendered":"https:\/\/lescopainsdubord.fr\/?page_id=1246"},"modified":"2022-01-23T13:53:17","modified_gmt":"2022-01-23T12:53:17","slug":"la-trinite-sur-mer","status":"publish","type":"page","link":"https:\/\/lescopainsdubord.fr\/?page_id=1246","title":{"rendered":"LA TRINIT\u00c9 SUR MER"},"content":{"rendered":"\n<div class=\"wp-block-image\"><figure class=\"aligncenter size-large\"><img loading=\"lazy\" decoding=\"async\" width=\"519\" height=\"111\" src=\"https:\/\/lescopainsdubord.fr\/wp-content\/uploads\/2020\/11\/boam3u49.gif\" alt=\"\" class=\"wp-image-1152\"\/><\/figure><\/div>\n\n\n\n<div class=\"wp-block-buttons is-layout-flex wp-block-buttons-is-layout-flex\">\n<div class=\"wp-block-button\"><a class=\"wp-block-button__link\" href=\"https:\/\/lescopainsdubord.fr\/?p=1(ouvre un nouvel onglet)\">retour accueil<\/a><\/div>\n\n\n\n<div class=\"wp-block-button\"><a class=\"wp-block-button__link\" href=\"https:\/\/lescopainsdubord.fr\/?page_id=1163(ouvre un nouvel onglet)\">retour liste<\/a><\/div>\n<\/div>\n\n\n\n<h1 class=\"has-text-align-center has-normal-font-size wp-block-heading\">LA TRINIT\u00c9 SUR MER&nbsp;<\/h1>\n\n\n\n<p><\/p>\n\n\n\n<p class=\"has-text-align-center has-small-font-size\"><strong>Refrain<\/strong><\/p>\n\n\n\n<p class=\"has-text-align-center has-small-font-size\"><strong>LA LA LA LA LA LA\u2026 QUAND ON ARRIVE AU PORT<\/strong><\/p>\n\n\n\n<p class=\"has-text-align-center has-small-font-size\"><strong>LA LA LA LA LA LA\u2026 DE TRIBORD A B\u00c2BORD<\/strong><\/p>\n\n\n\n<p class=\"has-text-align-center has-small-font-size\"><strong>LA LA LA LA LA LA\u2026 TOUS ON QUITT\u00c9 LE BORD<\/strong><\/p>\n\n\n\n<p class=\"has-text-align-center has-small-font-size\"><strong>LA LA LA LA LA LA\u2026 NOUS LES COPAINS DU BORD<\/strong><\/p>\n\n\n\n<p class=\"has-text-align-center has-small-font-size\"><strong>1<\/strong><\/p>\n\n\n\n<p class=\"has-text-align-center has-small-font-size\">C\u2019EST UN PORT MAGNIFIQUE DANS LA BAIE DE QUIBERON,<\/p>\n\n\n\n<p class=\"has-text-align-center has-small-font-size\">QUI FAIT DANS LE NAUTIQUE ET AUSSI DANS LE POISSON,<\/p>\n\n\n\n<p class=\"has-text-align-center has-small-font-size\">C\u00c9L\u00c8BRE \u00c0 PLUS D\u2019UN TITRE, POUR SES PLAGES D\u2019\u00c9T\u00c9,<\/p>\n\n\n\n<p class=\"has-text-align-center has-small-font-size\">ET POUR SES PARCS \u00c0 HUITRES, SI FRAICHES \u00c0 D\u00c9GUSTER&nbsp;!<\/p>\n\n\n\n<p class=\"has-text-align-center has-small-font-size\"><strong>2<\/strong><\/p>\n\n\n\n<p class=\"has-text-align-center has-small-font-size\">ENJAMBANT LA RIVI\u00c8RE, LE PONT DE KERISPERT,<\/p>\n\n\n\n<p class=\"has-text-align-center has-small-font-size\">DOMINE L\u2019ESTUAIRE ET N\u2019EN EST PAS PEU FIER,<\/p>\n\n\n\n<p class=\"has-text-align-center has-small-font-size\">UN PORT AUQUEL S\u2019ATTACHE M\u00caME ERIC TABARLY,<\/p>\n\n\n\n<p class=\"has-text-align-center has-small-font-size\">\u00c0 L\u2019ESPRIT DE PANACHE PROPRE AUX MARINS D\u2019ICI&nbsp;!<\/p>\n\n\n\n<p class=\"has-text-align-center has-small-font-size\"><strong>3<\/strong><\/p>\n\n\n\n<p class=\"has-text-align-center has-small-font-size\">LE CHEMIN QU\u2019ON EMPRUNTE AUX DOUANIERS \u00c0 PR\u00c9SENT,<\/p>\n\n\n\n<p class=\"has-text-align-center has-small-font-size\">NOUS AM\u00c8NE \u00c0 LA POINTE, CELLE DE KERBIHAN,<\/p>\n\n\n\n<p class=\"has-text-align-center has-small-font-size\">DANS CE CADRE SPLENDIDE, CE MERVEILLEUX D\u00c9COR,<\/p>\n\n\n\n<p class=\"has-text-align-center has-small-font-size\">LES MEILLEURS DE NOS GUIDES SONT LES COPAINS DU BORD&nbsp;!<\/p>\n\n\n\n<p class=\"has-text-align-center has-small-font-size\"><strong>4<\/strong><\/p>\n\n\n\n<p class=\"has-text-align-center has-small-font-size\">LES FEMMES DE MARINS, ET CELLES DES COPAINS,<\/p>\n\n\n\n<p class=\"has-text-align-center has-small-font-size\">AIMENT CHANTER TR\u00c8S FORT, AU FOND DE CE VIEUX PORT,<\/p>\n\n\n\n<p class=\"has-text-align-center has-small-font-size\">ELLES SONT TOUJOURS PR\u00c9SENTES, ET COMME ELLES VOUS ENCHANTENT,<\/p>\n\n\n\n<p class=\"has-text-align-center has-small-font-size\">CELA VOUS REND BIEN GAIS, LE LONG DU COURS DES QUAIS !<\/p>\n\n\n\n<p class=\"has-text-align-center has-small-font-size\"><strong>5<\/strong><\/p>\n\n\n\n<p class=\"has-text-align-center has-small-font-size\">ET SI MICHEL TONNERRE, CHANTAIT DE SI BEAUX AIRS,<\/p>\n\n\n\n<p class=\"has-text-align-center has-small-font-size\">C\u2019EST QU\u2019IL RESTAIT DES HEURES, \u00c0 REGARDER LA MER,<\/p>\n\n\n\n<p class=\"has-text-align-center has-small-font-size\">CAR CE PORT DE PLAISANCE CONNU DANS L\u2019UNIVERS,<\/p>\n\n\n\n<p class=\"has-text-align-center has-small-font-size\">C\u2019EST DE TOUTE \u00c9VIDENCE LA TRINIT\u00c9 SUR MER&nbsp;!<\/p>\n","protected":false},"excerpt":{"rendered":"<p>LA TRINIT\u00c9 SUR MER&nbsp; Refrain LA LA LA LA LA LA\u2026 QUAND ON ARRIVE AU PORT LA LA LA LA LA LA\u2026 DE TRIBORD A B\u00c2BORD LA LA LA LA LA LA\u2026 TOUS ON QUITT\u00c9 LE BORD LA LA LA LA LA LA\u2026 NOUS LES COPAINS DU BORD 1 C\u2019EST UN PORT MAGNIFIQUE DANS LA &hellip; <a href=\"https:\/\/lescopainsdubord.fr\/?page_id=1246\" class=\"more-link\">Continuer la lecture<span class=\"screen-reader-text\"> de &laquo;&nbsp;LA TRINIT\u00c9 SUR MER&nbsp;&raquo;<\/span><\/a><\/p>\n","protected":false},"author":2,"featured_media":0,"parent":0,"menu_order":0,"comment_status":"closed","ping_status":"closed","template":"elementor_canvas","meta":{"footnotes":""},"class_list":["post-1246","page","type-page","status-publish","hentry"],"_links":{"self":[{"href":"https:\/\/lescopainsdubord.fr\/index.php?rest_route=\/wp\/v2\/pages\/1246","targetHints":{"allow":["GET"]}}],"collection":[{"href":"https:\/\/lescopainsdubord.fr\/index.php?rest_route=\/wp\/v2\/pages"}],"about":[{"href":"https:\/\/lescopainsdubord.fr\/index.php?rest_route=\/wp\/v2\/types\/page"}],"author":[{"embeddable":true,"href":"https:\/\/lescopainsdubord.fr\/index.php?rest_route=\/wp\/v2\/users\/2"}],"replies":[{"embeddable":true,"href":"https:\/\/lescopainsdubord.fr\/index.php?rest_route=%2Fwp%2Fv2%2Fcomments&post=1246"}],"version-history":[{"count":11,"href":"https:\/\/lescopainsdubord.fr\/index.php?rest_route=\/wp\/v2\/pages\/1246\/revisions"}],"predecessor-version":[{"id":2201,"href":"https:\/\/lescopainsdubord.fr\/index.php?rest_route=\/wp\/v2\/pages\/1246\/revisions\/2201"}],"wp:attachment":[{"href":"https:\/\/lescopainsdubord.fr\/index.php?rest_route=%2Fwp%2Fv2%2Fmedia&parent=1246"}],"curies":[{"name":"wp","href":"https:\/\/api.w.org\/{rel}","templated":true}]}}