{"id":1218,"date":"2020-11-07T10:08:31","date_gmt":"2020-11-07T09:08:31","guid":{"rendered":"https:\/\/lescopainsdubord.fr\/?page_id=1218"},"modified":"2022-01-20T18:18:33","modified_gmt":"2022-01-20T17:18:33","slug":"madeleine-de-loctudy","status":"publish","type":"page","link":"https:\/\/lescopainsdubord.fr\/?page_id=1218","title":{"rendered":"MADELEINE DE LOCTUDY"},"content":{"rendered":"\n<div class=\"wp-block-image\"><figure class=\"aligncenter size-large\"><img loading=\"lazy\" decoding=\"async\" width=\"519\" height=\"111\" src=\"https:\/\/lescopainsdubord.fr\/wp-content\/uploads\/2020\/11\/boam3u49.gif\" alt=\"\" class=\"wp-image-1152\"\/><\/figure><\/div>\n\n\n\n<div class=\"wp-block-buttons is-layout-flex wp-block-buttons-is-layout-flex\">\n<div class=\"wp-block-button\"><a class=\"wp-block-button__link\" href=\"https:\/\/lescopainsdubord.fr\/?p=1(ouvre un nouvel onglet)\">retour accueil<\/a><\/div>\n\n\n\n<div class=\"wp-block-button\"><a class=\"wp-block-button__link\" href=\"https:\/\/lescopainsdubord.fr\/?page_id=1163(ouvre un nouvel onglet)\">retour liste<\/a><\/div>\n<\/div>\n\n\n\n<p class=\"has-text-align-center has-normal-font-size\"><strong>MADELEINE DE LOCTUDY<\/strong><\/p>\n\n\n\n<p class=\"has-text-align-center has-small-font-size\"><strong>1<\/strong><\/p>\n\n\n\n<p class=\"has-text-align-center has-small-font-size\">DANS LE PORT DE LOCTUDY, MADELEINE, MADELEINE<\/p>\n\n\n\n<p class=\"has-text-align-center has-small-font-size\">DANS LE PORT DE LOCTUDY, MAD\u2019LEINE EST LA PLUS JOLIE<\/p>\n\n\n\n<p class=\"has-text-align-center has-small-font-size\"><strong>2<\/strong><\/p>\n\n\n\n<p class=\"has-text-align-center has-small-font-size\">ET IL Y A PLUS D\u2019UN MARIN, MADELEINE, MADELEINE<\/p>\n\n\n\n<p class=\"has-text-align-center has-small-font-size\">ET IL Y A PLUS D\u2019UN MARIN, QUI VOUDRAIT PRENDRE SA MAIN<\/p>\n\n\n\n<p class=\"has-text-align-center has-small-font-size\"><strong>3<\/strong><\/p>\n\n\n\n<p class=\"has-text-align-center has-small-font-size\">MAIS MAD\u2019LEINE EST BIEN TROP FI\u00c8RE, MADELEINE, MADELEINE<\/p>\n\n\n\n<p class=\"has-text-align-center has-small-font-size\">MAIS MAD\u2019LEINE EST BIEN TROP FI\u00c8RE, BIEN QUE SIMPLE MARINI\u00c8RE<\/p>\n\n\n\n<p class=\"has-text-align-center has-small-font-size\"><strong>4<\/strong><\/p>\n\n\n\n<p class=\"has-text-align-center has-small-font-size\">ELLE R\u00caVE \u00c0 UN ARMATEUR, MADELEINE, MADELEINE<\/p>\n\n\n\n<p class=\"has-text-align-center has-small-font-size\">ELLE R\u00caVE \u00c0 UN ARMATEUR, \u00c0 QUI ELLE DONNERAIT SON C\u0152UR<\/p>\n\n\n\n<p class=\"has-text-align-center has-small-font-size\"><strong>5<\/strong><\/p>\n\n\n\n<p class=\"has-text-align-center has-small-font-size\">MAIS LA BELLE N\u2019A PAS D&rsquo; NOTION, MADELEINE, MADELEINE<\/p>\n\n\n\n<p class=\"has-text-align-center has-small-font-size\">MAIS LA BELLE N\u2019A PAS D&rsquo; NOTION, DE SA PI\u00c8TRE CONDITION<\/p>\n\n\n\n<p class=\"has-text-align-center has-small-font-size\"><strong>6<\/strong><\/p>\n\n\n\n<p class=\"has-text-align-center has-small-font-size\">L\u2019ARMATEUR VEUT BIEN JOUER, MADELEINE, MADELEINE<\/p>\n\n\n\n<p class=\"has-text-align-center has-small-font-size\">L\u2019ARMATEUR VEUT BIEN JOUER, MAIS SURTOUT PAS L\u2019\u00c9POUSER<\/p>\n\n\n\n<p class=\"has-text-align-center has-small-font-size\"><strong>7<\/strong><\/p>\n\n\n\n<p class=\"has-text-align-center has-small-font-size\">ET LES ANN\u00c9ES ONT PASS\u00c9, MADELEINE, MADELEINE<\/p>\n\n\n\n<p class=\"has-text-align-center has-small-font-size\">ET LES ANN\u00c9ES ONT PASS\u00c9, ET LA BELLE S\u2019EST FAN\u00c9E<\/p>\n\n\n\n<p class=\"has-text-align-center has-small-font-size\"><strong>8<\/strong><\/p>\n\n\n\n<p class=\"has-text-align-center has-small-font-size\">\u00c0 VOULOIR FAIRE LA FINE BOUCHE, MADELEINE, MADELEINE<\/p>\n\n\n\n<p class=\"has-text-align-center has-small-font-size\">\u00c0 VOULOIR FAIRE LA FINE BOUCHE, MAD\u2019LEINE EST SEULE DANS SA COUCHE<\/p>\n\n\n\n<p class=\"has-text-align-center has-small-font-size\"><strong>9<\/strong><\/p>\n\n\n\n<p class=\"has-text-align-center has-small-font-size\">ET IL N\u2019Y A PLUS UN MARIN, MADELEINE, MADELEINE<\/p>\n\n\n\n<p class=\"has-text-align-center has-small-font-size\">ET IL N\u2019Y A PLUS UN MARIN, POUR LUI DEMANDER SA MAIN<\/p>\n\n\n\n<p class=\"has-text-align-center has-small-font-size\"><strong>10<\/strong><\/p>\n\n\n\n<p class=\"has-text-align-center has-small-font-size\">DANS LE PORT DE LOCTUDY, MADELEINE, MADELEINE<\/p>\n\n\n\n<p class=\"has-text-align-center has-small-font-size\">DANS LE PORT DE LOCTUDY, MADELEINE EST SANS MARI<strong><\/strong><\/p>\n","protected":false},"excerpt":{"rendered":"<p>MADELEINE DE LOCTUDY 1 DANS LE PORT DE LOCTUDY, MADELEINE, MADELEINE DANS LE PORT DE LOCTUDY, MAD\u2019LEINE EST LA PLUS JOLIE 2 ET IL Y A PLUS D\u2019UN MARIN, MADELEINE, MADELEINE ET IL Y A PLUS D\u2019UN MARIN, QUI VOUDRAIT PRENDRE SA MAIN 3 MAIS MAD\u2019LEINE EST BIEN TROP FI\u00c8RE, MADELEINE, MADELEINE MAIS MAD\u2019LEINE EST &hellip; <a href=\"https:\/\/lescopainsdubord.fr\/?page_id=1218\" class=\"more-link\">Continuer la lecture<span class=\"screen-reader-text\"> de &laquo;&nbsp;MADELEINE DE LOCTUDY&nbsp;&raquo;<\/span><\/a><\/p>\n","protected":false},"author":2,"featured_media":0,"parent":0,"menu_order":0,"comment_status":"closed","ping_status":"closed","template":"elementor_canvas","meta":{"footnotes":""},"class_list":["post-1218","page","type-page","status-publish","hentry"],"_links":{"self":[{"href":"https:\/\/lescopainsdubord.fr\/index.php?rest_route=\/wp\/v2\/pages\/1218","targetHints":{"allow":["GET"]}}],"collection":[{"href":"https:\/\/lescopainsdubord.fr\/index.php?rest_route=\/wp\/v2\/pages"}],"about":[{"href":"https:\/\/lescopainsdubord.fr\/index.php?rest_route=\/wp\/v2\/types\/page"}],"author":[{"embeddable":true,"href":"https:\/\/lescopainsdubord.fr\/index.php?rest_route=\/wp\/v2\/users\/2"}],"replies":[{"embeddable":true,"href":"https:\/\/lescopainsdubord.fr\/index.php?rest_route=%2Fwp%2Fv2%2Fcomments&post=1218"}],"version-history":[{"count":5,"href":"https:\/\/lescopainsdubord.fr\/index.php?rest_route=\/wp\/v2\/pages\/1218\/revisions"}],"predecessor-version":[{"id":2165,"href":"https:\/\/lescopainsdubord.fr\/index.php?rest_route=\/wp\/v2\/pages\/1218\/revisions\/2165"}],"wp:attachment":[{"href":"https:\/\/lescopainsdubord.fr\/index.php?rest_route=%2Fwp%2Fv2%2Fmedia&parent=1218"}],"curies":[{"name":"wp","href":"https:\/\/api.w.org\/{rel}","templated":true}]}}